{"id":1230,"date":"2023-12-19T21:31:19","date_gmt":"2023-12-19T21:31:19","guid":{"rendered":"https:\/\/schreinerei-gabele.de\/?page_id=1230"},"modified":"2024-02-04T17:46:01","modified_gmt":"2024-02-04T17:46:01","slug":"firmenhistorie","status":"publish","type":"page","link":"https:\/\/schreinerei-gabele.de\/?page_id=1230","title":{"rendered":"Firmenhistorie"},"content":{"rendered":"\n<div class=\"wp-block-cp-timeline-content-timeline Cool-Content-Timeline\"><div class=\"cool-timeline-block-fe178b6a-bb0a-41d4-a445-48b343ef86a6\"><style>.cool-timeline-block-fe178b6a-bb0a-41d4-a445-48b343ef86a6 .cool-vertical-timeline-body{--ctlb-content-alignment: left;--ctlb-icon-color: #000000;--ctlb-date-fontsize: 40px;--ctlb-date-font-weight: 700;--ctlb-date-color: #000000;--ctlb-head-font-size: 22px;--ctlb-sub-head-font-size: 17px;--ctlb-line-color: #000000;--ctlb-icon-bg: #000000;--ctlb-story-border-color: #000000;--ctlb-icon-box-size: 20px;}<\/style><div class=\"cool-vertical-timeline-body ctlb-wrapper both-sided right\"><div class=\"cool-timeline-block-list\">\n<div class=\"wp-block-cp-timeline-content-timeline-child swiper-slide\"><div class=\"timeline-content icon-false \"><div class=\"timeline-block-timeline ctl-row  position-right\"><div class=\"ctl-6 timeline-block-time\"><div class=\"story-time\"><p>2021<\/p><\/div><\/div><div class=\"timeline-block-icon\"><svg stroke=\"currentColor\" fill=\"currentColor\" stroke-width=\"0\" viewBox=\"0 0 512 512\" height=\"1em\" width=\"1em\" xmlns=\"http:\/\/www.w3.org\/2000\/svg\"><path d=\"M256 8C119 8 8 119 8 256s111 248 248 248 248-111 248-248S393 8 256 8z\"><\/path><\/svg><\/div><div class=\"ctl-6 timeline-block-detail\"><div class=\"story-details\"><div class=\"story-content\">\n<h3 class=\"wp-block-heading ctlb-block-title\" style=\"padding-top:0px;padding-right:0px;padding-bottom:0px;padding-left:0px\">Erweiterung Fuhrpark<\/h3>\n\n\n\n<p class=\"ctlb-block-desc\" style=\"padding-top:0px;padding-right:0px;padding-bottom:0px;padding-left:0px\">Der Fuhrpark wurde in diesem Jahr erweitert, um dem stetig steigenden Auftragsvolumen gerecht zu werden.<\/p>\n<\/div><\/div><\/div><\/div><\/div><\/div>\n\n\n\n<div class=\"wp-block-cp-timeline-content-timeline-child swiper-slide\"><div class=\"timeline-content icon-false \"><div class=\"timeline-block-timeline ctl-row  position-left\"><div class=\"ctl-6 timeline-block-time\"><div class=\"story-time\"><p>2020<\/p><\/div><\/div><div class=\"timeline-block-icon\"><svg stroke=\"currentColor\" fill=\"currentColor\" stroke-width=\"0\" viewBox=\"0 0 512 512\" height=\"1em\" width=\"1em\" xmlns=\"http:\/\/www.w3.org\/2000\/svg\"><path d=\"M256 8C119 8 8 119 8 256s111 248 248 248 248-111 248-248S393 8 256 8z\"><\/path><\/svg><\/div><div class=\"ctl-6 timeline-block-detail\"><div class=\"story-details\"><div class=\"story-content\">\n<h3 class=\"wp-block-heading ctlb-block-title\" style=\"padding-top:0px;padding-right:0px;padding-bottom:0px;padding-left:0px\">10 Mitarbeiter<\/h3>\n\n\n\n<p class=\"ctlb-block-desc\" style=\"padding-top:0px;padding-right:0px;padding-bottom:0px;padding-left:0px\">In diesem Jahr wurde der 10. Mitarbeiter eingestellt.<\/p>\n<\/div><\/div><\/div><\/div><\/div><\/div>\n\n\n\n<div class=\"wp-block-cp-timeline-content-timeline-child swiper-slide\"><div class=\"timeline-content icon-false \"><div class=\"timeline-block-timeline ctl-row  position-right\"><div class=\"ctl-6 timeline-block-time\"><div class=\"story-time\"><p>2018<\/p><\/div><\/div><div class=\"timeline-block-icon\"><svg stroke=\"currentColor\" fill=\"currentColor\" stroke-width=\"0\" viewBox=\"0 0 512 512\" height=\"1em\" width=\"1em\" xmlns=\"http:\/\/www.w3.org\/2000\/svg\"><path d=\"M256 8C119 8 8 119 8 256s111 248 248 248 248-111 248-248S393 8 256 8z\"><\/path><\/svg><\/div><div class=\"ctl-6 timeline-block-detail\"><div class=\"story-details\"><div class=\"story-content\">\n<h3 class=\"wp-block-heading ctlb-block-title\" style=\"padding-top:0px;padding-right:0px;padding-bottom:0px;padding-left:0px\">10 J\u00e4hriges Jubil\u00e4um<\/h3>\n\n\n\n<p class=\"ctlb-block-desc\" style=\"padding-top:0px;padding-right:0px;padding-bottom:0px;padding-left:0px\">Die Schreinerei Gabele besteht bereits seit 10 Jahren. Das wurde mit einem Jubil\u00e4umstag f\u00fcr Kunden, Lieferanten und Interessierte gefeiert.<\/p>\n<\/div><\/div><\/div><\/div><\/div><\/div>\n\n\n\n<div class=\"wp-block-cp-timeline-content-timeline-child swiper-slide\"><div class=\"timeline-content icon-false \"><div class=\"timeline-block-timeline ctl-row  position-left\"><div class=\"ctl-6 timeline-block-time\"><div class=\"story-time\"><p>2017<\/p><\/div><\/div><div class=\"timeline-block-icon\"><svg stroke=\"currentColor\" fill=\"currentColor\" stroke-width=\"0\" viewBox=\"0 0 512 512\" height=\"1em\" width=\"1em\" xmlns=\"http:\/\/www.w3.org\/2000\/svg\"><path d=\"M256 8C119 8 8 119 8 256s111 248 248 248 248-111 248-248S393 8 256 8z\"><\/path><\/svg><\/div><div class=\"ctl-6 timeline-block-detail\"><div class=\"story-details\"><div class=\"story-content\">\n<h3 class=\"wp-block-heading ctlb-block-title\" style=\"padding-top:0px;padding-right:0px;padding-bottom:0px;padding-left:0px\">Anschaffung eines 5-Achs CNC-Bearbeitungszentrums<\/h3>\n\n\n\n<p class=\"ctlb-block-desc\" style=\"padding-top:0px;padding-right:0px;padding-bottom:0px;padding-left:0px\">Die im Jahr 2013 angeschaffte CNC-Maschine war mittlerweile technisch veraltet und zu klein. Daher wurde der Maschinenpark um ein neues und modernes 5-Achs CNC-Bearbeitungszentrum erweitert.<\/p>\n<\/div><\/div><\/div><\/div><\/div><\/div>\n\n\n\n<div class=\"wp-block-cp-timeline-content-timeline-child swiper-slide\"><div class=\"timeline-content icon-false \"><div class=\"timeline-block-timeline ctl-row  position-right\"><div class=\"ctl-6 timeline-block-time\"><div class=\"story-time\"><p>2014<\/p><\/div><\/div><div class=\"timeline-block-icon\"><svg stroke=\"currentColor\" fill=\"currentColor\" stroke-width=\"0\" viewBox=\"0 0 512 512\" height=\"1em\" width=\"1em\" xmlns=\"http:\/\/www.w3.org\/2000\/svg\"><path d=\"M256 8C119 8 8 119 8 256s111 248 248 248 248-111 248-248S393 8 256 8z\"><\/path><\/svg><\/div><div class=\"ctl-6 timeline-block-detail\"><div class=\"story-details\"><div class=\"story-content\">\n<h3 class=\"wp-block-heading ctlb-block-title\" style=\"padding-top:0px;padding-right:0px;padding-bottom:0px;padding-left:0px\">Erweiterung des Lagers<\/h3>\n\n\n\n<p class=\"ctlb-block-desc\" style=\"padding-top:0px;padding-right:0px;padding-bottom:0px;padding-left:0px\">Da das Auftragsvolumen stetig zunimmt musste das Lager der Schreinerei Gabele erweitert werden.<\/p>\n<\/div><\/div><\/div><\/div><\/div><\/div>\n\n\n\n<div class=\"wp-block-cp-timeline-content-timeline-child swiper-slide\"><div class=\"timeline-content icon-false \"><div class=\"timeline-block-timeline ctl-row  position-left\"><div class=\"ctl-6 timeline-block-time\"><div class=\"story-time\"><p>2013<\/p><\/div><\/div><div class=\"timeline-block-icon\"><svg stroke=\"currentColor\" fill=\"currentColor\" stroke-width=\"0\" viewBox=\"0 0 512 512\" height=\"1em\" width=\"1em\" xmlns=\"http:\/\/www.w3.org\/2000\/svg\"><path d=\"M256 8C119 8 8 119 8 256s111 248 248 248 248-111 248-248S393 8 256 8z\"><\/path><\/svg><\/div><div class=\"ctl-6 timeline-block-detail\"><div class=\"story-details\"><div class=\"story-content\">\n<h3 class=\"wp-block-heading ctlb-block-title\" style=\"padding-top:0px;padding-right:0px;padding-bottom:0px;padding-left:0px\"><strong>Anschaffung 3-Achs CNC-Maschine<\/strong><\/h3>\n\n\n\n<p class=\"ctlb-block-desc\" style=\"padding-top:0px;padding-right:0px;padding-bottom:0px;padding-left:0px\">Um mit dem technologischen Fortschritt zu gehen wurde der Maschinenpark um eine CNC-Maschine erweitert.<\/p>\n<\/div><\/div><\/div><\/div><\/div><\/div>\n\n\n\n<div class=\"wp-block-cp-timeline-content-timeline-child swiper-slide\"><div class=\"timeline-content icon-false \"><div class=\"timeline-block-timeline ctl-row  position-right\"><div class=\"ctl-6 timeline-block-time\"><div class=\"story-time\"><p>2010<\/p><\/div><\/div><div class=\"timeline-block-icon\"><svg stroke=\"currentColor\" fill=\"currentColor\" stroke-width=\"0\" viewBox=\"0 0 512 512\" height=\"1em\" width=\"1em\" xmlns=\"http:\/\/www.w3.org\/2000\/svg\"><path d=\"M256 8C119 8 8 119 8 256s111 248 248 248 248-111 248-248S393 8 256 8z\"><\/path><\/svg><\/div><div class=\"ctl-6 timeline-block-detail\"><div class=\"story-details\"><div class=\"story-content\">\n<h3 class=\"wp-block-heading ctlb-block-title\" style=\"padding-top:0px;padding-right:0px;padding-bottom:0px;padding-left:0px\"><strong>Umbau B\u00fcro<\/strong><\/h3>\n\n\n\n<p class=\"ctlb-block-desc\" style=\"padding-top:0px;padding-right:0px;padding-bottom:0px;padding-left:0px\">Aufgrund der erh\u00f6hten Verwaltungsarbeit wurde das B\u00fcro vollst\u00e4ndig erneuert und gleichzeitig vergr\u00f6\u00dfert.<\/p>\n<\/div><\/div><\/div><\/div><\/div><\/div>\n\n\n\n<div class=\"wp-block-cp-timeline-content-timeline-child swiper-slide\"><div class=\"timeline-content icon-false \"><div class=\"timeline-block-timeline ctl-row  position-left\"><div class=\"ctl-6 timeline-block-time\"><div class=\"story-time\"><p>2008<\/p><\/div><\/div><div class=\"timeline-block-icon\"><svg stroke=\"currentColor\" fill=\"currentColor\" stroke-width=\"0\" viewBox=\"0 0 512 512\" height=\"1em\" width=\"1em\" xmlns=\"http:\/\/www.w3.org\/2000\/svg\"><path d=\"M256 8C119 8 8 119 8 256s111 248 248 248 248-111 248-248S393 8 256 8z\"><\/path><\/svg><\/div><div class=\"ctl-6 timeline-block-detail\"><div class=\"story-details\"><div class=\"story-content\">\n<h3 class=\"wp-block-heading ctlb-block-title\" style=\"padding-top:0px;padding-right:0px;padding-bottom:0px;padding-left:0px\"><strong>Firmen\u00fcbernahme<\/strong><\/h3>\n\n\n\n<p class=\"ctlb-block-desc\" style=\"padding-top:0px;padding-right:0px;padding-bottom:0px;padding-left:0px\">Im Jahr 2008 wurde aus der Schreinerei Sch\u00e4dler die Schreinerei Gabele.<\/p>\n<\/div><\/div><\/div><\/div><\/div><\/div>\n<\/div><\/div><\/div><\/div>\n","protected":false},"excerpt":{"rendered":"","protected":false},"author":1,"featured_media":0,"parent":0,"menu_order":0,"comment_status":"closed","ping_status":"closed","template":"","meta":{"neve_meta_sidebar":"","neve_meta_container":"","neve_meta_enable_content_width":"","neve_meta_content_width":0,"neve_meta_title_alignment":"","neve_meta_author_avatar":"","neve_post_elements_order":"","neve_meta_disable_header":"","neve_meta_disable_footer":"","neve_meta_disable_title":"","_themeisle_gutenberg_block_has_review":false,"footnotes":""},"class_list":["post-1230","page","type-page","status-publish","hentry"],"_links":{"self":[{"href":"https:\/\/schreinerei-gabele.de\/index.php?rest_route=\/wp\/v2\/pages\/1230","targetHints":{"allow":["GET"]}}],"collection":[{"href":"https:\/\/schreinerei-gabele.de\/index.php?rest_route=\/wp\/v2\/pages"}],"about":[{"href":"https:\/\/schreinerei-gabele.de\/index.php?rest_route=\/wp\/v2\/types\/page"}],"author":[{"embeddable":true,"href":"https:\/\/schreinerei-gabele.de\/index.php?rest_route=\/wp\/v2\/users\/1"}],"replies":[{"embeddable":true,"href":"https:\/\/schreinerei-gabele.de\/index.php?rest_route=%2Fwp%2Fv2%2Fcomments&post=1230"}],"version-history":[{"count":8,"href":"https:\/\/schreinerei-gabele.de\/index.php?rest_route=\/wp\/v2\/pages\/1230\/revisions"}],"predecessor-version":[{"id":1329,"href":"https:\/\/schreinerei-gabele.de\/index.php?rest_route=\/wp\/v2\/pages\/1230\/revisions\/1329"}],"wp:attachment":[{"href":"https:\/\/schreinerei-gabele.de\/index.php?rest_route=%2Fwp%2Fv2%2Fmedia&parent=1230"}],"curies":[{"name":"wp","href":"https:\/\/api.w.org\/{rel}","templated":true}]}}

<div class="wp-block-cp-timeline-content-timeline Cool-Content-Timeline"><div class="cool-timeline-block-fe178b6a-bb0a-41d4-a445-48b343ef86a6"><style>.cool-timeline-block-fe178b6a-bb0a-41d4-a445-48b343ef86a6 .cool-vertical-timeline-body{--ctlb-content-alignment: left;--ctlb-icon-color: #000000;--ctlb-date-fontsize: 40px;--ctlb-date-font-weight: 700;--ctlb-date-color: #000000;--ctlb-head-font-size: 22px;--ctlb-sub-head-font-size: 17px;--ctlb-line-color: #000000;--ctlb-icon-bg: #000000;--ctlb-story-border-color: #000000;--ctlb-icon-box-size: 20px;}</style><div class="cool-vertical-timeline-body ctlb-wrapper both-sided right"><div class="cool-timeline-block-list">
<div class="wp-block-cp-timeline-content-timeline-child swiper-slide"><div class="timeline-content icon-false "><div class="timeline-block-timeline ctl-row  position-right"><div class="ctl-6 timeline-block-time"><div class="story-time"><p>2021</p></div></div><div class="timeline-block-icon"><svg stroke="currentColor" fill="currentColor" stroke-width="0" viewBox="0 0 512 512" height="1em" width="1em" xmlns="http://www.w3.org/2000/svg"><path d="M256 8C119 8 8 119 8 256s111 248 248 248 248-111 248-248S393 8 256 8z"></path></svg></div><div class="ctl-6 timeline-block-detail"><div class="story-details"><div class="story-content">
<h3 class="wp-block-heading ctlb-block-title" style="padding-top:0px;padding-right:0px;padding-bottom:0px;padding-left:0px">Erweiterung Fuhrpark</h3>



<p class="ctlb-block-desc" style="padding-top:0px;padding-right:0px;padding-bottom:0px;padding-left:0px">Der Fuhrpark wurde in diesem Jahr erweitert, um dem stetig steigenden Auftragsvolumen gerecht zu werden.</p>
</div></div></div></div></div></div>



<div class="wp-block-cp-timeline-content-timeline-child swiper-slide"><div class="timeline-content icon-false "><div class="timeline-block-timeline ctl-row  position-left"><div class="ctl-6 timeline-block-time"><div class="story-time"><p>2020</p></div></div><div class="timeline-block-icon"><svg stroke="currentColor" fill="currentColor" stroke-width="0" viewBox="0 0 512 512" height="1em" width="1em" xmlns="http://www.w3.org/2000/svg"><path d="M256 8C119 8 8 119 8 256s111 248 248 248 248-111 248-248S393 8 256 8z"></path></svg></div><div class="ctl-6 timeline-block-detail"><div class="story-details"><div class="story-content">
<h3 class="wp-block-heading ctlb-block-title" style="padding-top:0px;padding-right:0px;padding-bottom:0px;padding-left:0px">10 Mitarbeiter</h3>



<p class="ctlb-block-desc" style="padding-top:0px;padding-right:0px;padding-bottom:0px;padding-left:0px">In diesem Jahr wurde der 10. Mitarbeiter eingestellt.</p>
</div></div></div></div></div></div>



<div class="wp-block-cp-timeline-content-timeline-child swiper-slide"><div class="timeline-content icon-false "><div class="timeline-block-timeline ctl-row  position-right"><div class="ctl-6 timeline-block-time"><div class="story-time"><p>2018</p></div></div><div class="timeline-block-icon"><svg stroke="currentColor" fill="currentColor" stroke-width="0" viewBox="0 0 512 512" height="1em" width="1em" xmlns="http://www.w3.org/2000/svg"><path d="M256 8C119 8 8 119 8 256s111 248 248 248 248-111 248-248S393 8 256 8z"></path></svg></div><div class="ctl-6 timeline-block-detail"><div class="story-details"><div class="story-content">
<h3 class="wp-block-heading ctlb-block-title" style="padding-top:0px;padding-right:0px;padding-bottom:0px;padding-left:0px">10 Jähriges Jubiläum</h3>



<p class="ctlb-block-desc" style="padding-top:0px;padding-right:0px;padding-bottom:0px;padding-left:0px">Die Schreinerei Gabele besteht bereits seit 10 Jahren. Das wurde mit einem Jubiläumstag für Kunden, Lieferanten und Interessierte gefeiert.</p>
</div></div></div></div></div></div>



<div class="wp-block-cp-timeline-content-timeline-child swiper-slide"><div class="timeline-content icon-false "><div class="timeline-block-timeline ctl-row  position-left"><div class="ctl-6 timeline-block-time"><div class="story-time"><p>2017</p></div></div><div class="timeline-block-icon"><svg stroke="currentColor" fill="currentColor" stroke-width="0" viewBox="0 0 512 512" height="1em" width="1em" xmlns="http://www.w3.org/2000/svg"><path d="M256 8C119 8 8 119 8 256s111 248 248 248 248-111 248-248S393 8 256 8z"></path></svg></div><div class="ctl-6 timeline-block-detail"><div class="story-details"><div class="story-content">
<h3 class="wp-block-heading ctlb-block-title" style="padding-top:0px;padding-right:0px;padding-bottom:0px;padding-left:0px">Anschaffung eines 5-Achs CNC-Bearbeitungszentrums</h3>



<p class="ctlb-block-desc" style="padding-top:0px;padding-right:0px;padding-bottom:0px;padding-left:0px">Die im Jahr 2013 angeschaffte CNC-Maschine war mittlerweile technisch veraltet und zu klein. Daher wurde der Maschinenpark um ein neues und modernes 5-Achs CNC-Bearbeitungszentrum erweitert.</p>
</div></div></div></div></div></div>



<div class="wp-block-cp-timeline-content-timeline-child swiper-slide"><div class="timeline-content icon-false "><div class="timeline-block-timeline ctl-row  position-right"><div class="ctl-6 timeline-block-time"><div class="story-time"><p>2014</p></div></div><div class="timeline-block-icon"><svg stroke="currentColor" fill="currentColor" stroke-width="0" viewBox="0 0 512 512" height="1em" width="1em" xmlns="http://www.w3.org/2000/svg"><path d="M256 8C119 8 8 119 8 256s111 248 248 248 248-111 248-248S393 8 256 8z"></path></svg></div><div class="ctl-6 timeline-block-detail"><div class="story-details"><div class="story-content">
<h3 class="wp-block-heading ctlb-block-title" style="padding-top:0px;padding-right:0px;padding-bottom:0px;padding-left:0px">Erweiterung des Lagers</h3>



<p class="ctlb-block-desc" style="padding-top:0px;padding-right:0px;padding-bottom:0px;padding-left:0px">Da das Auftragsvolumen stetig zunimmt musste das Lager der Schreinerei Gabele erweitert werden.</p>
</div></div></div></div></div></div>



<div class="wp-block-cp-timeline-content-timeline-child swiper-slide"><div class="timeline-content icon-false "><div class="timeline-block-timeline ctl-row  position-left"><div class="ctl-6 timeline-block-time"><div class="story-time"><p>2013</p></div></div><div class="timeline-block-icon"><svg stroke="currentColor" fill="currentColor" stroke-width="0" viewBox="0 0 512 512" height="1em" width="1em" xmlns="http://www.w3.org/2000/svg"><path d="M256 8C119 8 8 119 8 256s111 248 248 248 248-111 248-248S393 8 256 8z"></path></svg></div><div class="ctl-6 timeline-block-detail"><div class="story-details"><div class="story-content">
<h3 class="wp-block-heading ctlb-block-title" style="padding-top:0px;padding-right:0px;padding-bottom:0px;padding-left:0px"><strong>Anschaffung 3-Achs CNC-Maschine</strong></h3>



<p class="ctlb-block-desc" style="padding-top:0px;padding-right:0px;padding-bottom:0px;padding-left:0px">Um mit dem technologischen Fortschritt zu gehen wurde der Maschinenpark um eine CNC-Maschine erweitert.</p>
</div></div></div></div></div></div>



<div class="wp-block-cp-timeline-content-timeline-child swiper-slide"><div class="timeline-content icon-false "><div class="timeline-block-timeline ctl-row  position-right"><div class="ctl-6 timeline-block-time"><div class="story-time"><p>2010</p></div></div><div class="timeline-block-icon"><svg stroke="currentColor" fill="currentColor" stroke-width="0" viewBox="0 0 512 512" height="1em" width="1em" xmlns="http://www.w3.org/2000/svg"><path d="M256 8C119 8 8 119 8 256s111 248 248 248 248-111 248-248S393 8 256 8z"></path></svg></div><div class="ctl-6 timeline-block-detail"><div class="story-details"><div class="story-content">
<h3 class="wp-block-heading ctlb-block-title" style="padding-top:0px;padding-right:0px;padding-bottom:0px;padding-left:0px"><strong>Umbau Büro</strong></h3>



<p class="ctlb-block-desc" style="padding-top:0px;padding-right:0px;padding-bottom:0px;padding-left:0px">Aufgrund der erhöhten Verwaltungsarbeit wurde das Büro vollständig erneuert und gleichzeitig vergrößert.</p>
</div></div></div></div></div></div>



<div class="wp-block-cp-timeline-content-timeline-child swiper-slide"><div class="timeline-content icon-false "><div class="timeline-block-timeline ctl-row  position-left"><div class="ctl-6 timeline-block-time"><div class="story-time"><p>2008</p></div></div><div class="timeline-block-icon"><svg stroke="currentColor" fill="currentColor" stroke-width="0" viewBox="0 0 512 512" height="1em" width="1em" xmlns="http://www.w3.org/2000/svg"><path d="M256 8C119 8 8 119 8 256s111 248 248 248 248-111 248-248S393 8 256 8z"></path></svg></div><div class="ctl-6 timeline-block-detail"><div class="story-details"><div class="story-content">
<h3 class="wp-block-heading ctlb-block-title" style="padding-top:0px;padding-right:0px;padding-bottom:0px;padding-left:0px"><strong>Firmenübernahme</strong></h3>



<p class="ctlb-block-desc" style="padding-top:0px;padding-right:0px;padding-bottom:0px;padding-left:0px">Im Jahr 2008 wurde aus der Schreinerei Schädler die Schreinerei Gabele.</p>
</div></div></div></div></div></div>
</div></div></div></div>
